 when 420 is divided by 203?
14
What is the remainder when 69 is divided by 14?
13
Calculate the remainder when 5143 is divided by 19.
13
What is the remainder when 131 is divided by 68?
63
Calculate the remainder when 2954 is divided by 2923.
31
What is the remainder when 87 is divided by 6?
3
What is the remainder when 180 is divided by 86?
8
What is the remainder when 385 is divided by 26?
21
Calculate the remainder when 112 is divided by 106.
6
What is the remainder when 1097 is divided by 15?
2
Calculate the remainder when 2954 is divided by 10.
4
Calculate the remainder when 5507 is divided by 12.
11
What is the remainder when 62 is divided by 16?
14
Calculate the remainder when 642 is divided by 6.
0
Calculate the remainder when 236 is divided by 80.
76
Calculate the remainder when 1868 is divided by 85.
83
Calculate the remainder when 524 is divided by 128.
12
What is the remainder when 379 is divided by 39?
28
What is the remainder when 128 is divided by 17?
9
Calculate the remainder when 5491 is divided by 35.
31
Calculate the remainder when 17 is divided by 1.
0
What is the remainder when 3267 is divided by 15?
12
Calculate the remainder when 79 is divided by 46.
33
What is the remainder when 130 is divided by 23?
15
Calculate the remainder when 98 is divided by 71.
27
Calculate the remainder when 3809 is divided by 10.
9
What is the remainder when 214 is divided by 29?
11
Calculate the remainder when 110 is divided by 9.
2
What is the remainder when 262 is divided by 16?
6
What is the remainder when 11085 is divided by 28?
25
Calculate the remainder when 584 is divided by 41.
10
Calculate the remainder when 3197 is divided by 41.
40
Calculate the remainder when 1149 is divided by 96.
93
Calculate the remainder when 4619 is divided by 140.
139
What is the remainder when 285 is divided by 9?
6
What is the remainder when 940 is divided by 8?
4
What is the remainder when 47 is divided by 11?
3
What is the remainder when 142 is divided by 121?
21
What is the remainder when 983 is divided by 82?
81
Calculate the remainder when 577 is divided by 191.
4
Calculate the remainder when 9089 is divided by 90.
89
Calculate the remainder when 151 is divided by 12.
7
What is the remainder when 377 is divided by 14?
13
What is the remainder when 14 is divided by 13?
1
What is the remainder when 1388 is divided by 100?
88
What is the remainder when 582 is divided by 571?
11
What is the remainder when 252 is divided by 32?
28
Calculate the remainder when 9914 is divided by 74.
72
What is the remainder when 619 is divided by 78?
73
What is the remainder when 1393 is divided by 108?
97
What is the remainder when 191 is divided by 16?
15
What is the remainder when 1173 is divided by 25?
23
What is the remainder when 1357 is divided by 146?
43
Calculate the remainder when 411 is divided by 42.
33
What is the remainder when 178 is divided by 26?
22
Calculate the remainder when 555 is divided by 83.
57
What is the remainder when 387 is divided by 39?
36
What is the remainder when 93 is divided by 7?
2
What is the remainder when 431 is divided by 252?
179
What is the remainder when 216 is divided by 71?
3
Calculate the remainder when 2471 is divided by 42.
35
Calculate the remainder when 371 is divided by 76.
67
Calculate the remainder when 149 is divided by 138.
11
Calculate the remainder when 4322 is divided by 4321.
1
Calculate the remainder when 79 is divided by 16.
15
What is the remainder when 1427 is divided by 251?
172
Calculate the remainder when 359 is divided by 343.
16
Calculate the remainder when 176 is divided by 70.
36
What is the remainder when 71 is divided by 25?
21
What is the remainder when 728 is divided by 357?
14
What is the remainder when 195 is divided by 18?
15
What is the remainder when 3247 is divided by 25?
22
Calculate the remainder when 595 is divided by 23.
20
Calculate the remainder when 85 is divided by 9.
4
Calculate the remainder when 303 is divided by 143.
17
What is the remainder when 1588 is divided by 159?
157
What is the remainder when 725 is divided by 33?
32
Calculate the remainder when 458 is divided by 61.
31
Calculate the remainder when 695 is divided by 43.
7
What is the remainder when 587 is divided by 113?
22
What is the remainder when 128 is divided by 15?
8
Calculate the remainder when 1052 is divided by 39.
38
What is the remainder when 678 is divided by 119?
83
Calculate the remainder when 954 is divided by 20.
14
Calculate the remainder when 878 is divided by 21.
17
What is the remainder when 263 is divided by 53?
51
What is the remainder when 32 is divided by 6?
2
Calculate the remainder when 178 is divided by 43.
6
Calculate the remainder when 93 is divided by 15.
3
Calculate the remainder when 78 is divided by 32.
14
What is the remainder when 263 is divided by 69?
56
What is the remainder when 47 is divided by 34?
13
What is the remainder when 83 is divided by 5?
3
Calculate the remainder when 2052 is divided by 49.
43
What is the remainder when 127 is divided by 65?
62
What is the remainder when 155 is divided by 4?
3
Calculate the remainder when 439 is divided by 49.
47
Calculate the remainder when 251 is divided by 28.
27
What is the remainder when 92 is divided by 31?
30
What is the remainder when 4763 is divided by 791?
17
What is the remainder when 575 is divided by 89?
41
Calculate the remainder when 618 is divided by 23.
20
Calculate the remainder when 38714 is divided by 162.
158
Calculate the remainder when 2045 is divided by 23.
21
What is the remainder when 592 is divided by 17?
14
Calculate the remainder when 614 is divided by 57.
44
What is the remainder when 697 is divided by 329?
39
What is the remainder when 157 is divided by 40?
37
Calculate the remainder when 44 is divided by 20.
4
Calculate the remainder when 4231 is divided by 17.
15
What is the remainder when 419 is divided by 68?
11
What is the remainder when 6858 is divided by 30?
18
Calculate the remainder when 295 is divided by 108.
79
Calculate the remainder when 380 is divided by 373.
7
What is the remainder when 44 is divided by 22?
0
What is the remainder when 254 is divided by 71?
41
What is the remainder when 39 is divided by 6?
3
Calculate the remainder when 76 is divided by 33.
10
Calculate the remainder when 27 is divided by 19.
8
Calculate the remainder when 39498 is divided by 21.
18
Calculate the remainder when 199 is divided by 96.
7
Calculate the remainder when 203 is divided by 42.
35
Calculate the remainder when 849 is divided by 173.
157
Calculate the remainder when 969 is divided by 181.
64
Calculate the remainder when 189 is divided by 44.
13
What is the remainder when 2898 is divided by 54?
36
Calculate the remainder when 346 is divided by 39.
34
Calculate the remainder when 373 is divided by 25.
23
What is the remainder when 41 is divided by 6?
5
Calculate the remainder when 874 is divided by 172.
14
Calculate the remainder when 908 is divided by 65.
63
Calculate the remainder when 2459 is divided by 248.
227
Calculate the remainder when 583 is divided by 574.
9
What is the remainder when 3924 is divided by 21?
18
What is the remainder when 795 is divided by 38?
35
Calculate the remainder when 459 is divided by 65.
4
Calculate the remainder when 1580 is divided by 44.
40
Calculate the remainder when 117 is divided by 15.
12
Calculate the remainder when 1318 is divided by 73.
4
Calculate the remainder when 9221 is divided by 401.
399
What is the remainder when 195 is divided by 66?
63
Calculate the remainder when 114 is divided by 93.
21
What is the remainder when 19738 is divided by 141?
139
Calculate the remainder when 1987 is divided by 181.
177
What is the remainder when 416 is divided by 60?
56
Calculate the remainder when 6231 is divided by 30.
21
Calculate the remainder when 4029 is divided by 21.
18
Calculate the remainder when 8663 is divided by 37.
5
Calculate the remainder when 3473 is divided by 9.
8
Calculate the remainder when 114 is divided by 111.
3
What is the remainder when 457 is divided by 110?
17
What is the remainder when 144 is divided by 12?
0
What is the remainder when 2355 is divided by 393?
390
What is the remainder when 29829 is divided by 113?
110
What is the remainder wh